n factor of 101412 and 100476.
36
What is the greatest common divisor of 36184 and 36360397?
4523
Calculate the highest common divisor of 3982859 and 67880.
1697
What is the highest common factor of 15437972 and 11033?
187
What is the highest common divisor of 287869339 and 1731?
577
Calculate the highest common factor of 72737991 and 9738.
4869
What is the greatest common divisor of 16007159 and 14?
7
What is the highest common divisor of 759320 and 4040?
40
What is the greatest common factor of 742 and 25811848?
106
What is the greatest common factor of 41574 and 5822?
82
What is the greatest common factor of 21435 and 190455?
15
Calculate the greatest common divisor of 656544338 and 138.
46
What is the highest common factor of 392 and 5841464?
8
Calculate the highest common divisor of 5796573 and 15.
3
What is the highest common factor of 670796 and 20?
4
Calculate the greatest common factor of 846538 and 21574.
322
What is the greatest common factor of 2254 and 3099723340?
2254
Calculate the greatest common divisor of 29986 and 25474.
94
What is the greatest common divisor of 3450 and 8590650?
150
What is the highest common factor of 19085936 and 35504?
5072
Calculate the greatest common factor of 175942 and 325754.
1742
Calculate the highest common divisor of 895831788 and 1236.
1236
Calculate the greatest common factor of 258 and 3071155632.
258
What is the highest common divisor of 85593654 and 666?
666
Calculate the highest common divisor of 445 and 196428429.
89
Calculate the highest common factor of 72 and 10950948.
36
What is the highest common factor of 2859740 and 95?
5
What is the greatest common divisor of 133777 and 491347?
29
What is the greatest common divisor of 2850 and 1284?
6
Calculate the greatest common divisor of 1860 and 10783350.
930
Calculate the highest common factor of 14183437 and 97.
97
Calculate the highest common factor of 5441600 and 1675.
25
What is the highest common factor of 1164 and 77818929?
291
Calculate the greatest common factor of 224172 and 12766.
26
What is the greatest common factor of 396520740 and 990?
990
Calculate the highest common factor of 376620 and 7680.
60
What is the highest common divisor of 30295414 and 5363?
173
Calculate the greatest common factor of 12165 and 5792973.
2433
Calculate the greatest common divisor of 3822695 and 15.
5
Calculate the highest common divisor of 115 and 14080.
5
What is the highest common factor of 1961225 and 98?
49
Calculate the greatest common factor of 10452 and 38183769.
2613
Calculate the greatest common factor of 678100 and 68.
4
Calculate the highest common factor of 41485 and 15520.
5
What is the greatest common divisor of 309 and 8786312?
103
Calculate the greatest common divisor of 11512 and 78464.
8
What is the highest common factor of 365 and 1085887410?
365
What is the highest common divisor of 2386308 and 300?
12
Calculate the highest common divisor of 12387402 and 3753.
1251
Calculate the highest common factor of 697493 and 476595.
1513
Calculate the highest common factor of 405165 and 345.
15
What is the highest common factor of 55040 and 2236160?
1280
Calculate the greatest common factor of 13780202 and 6.
2
Calculate the highest common divisor of 2501970 and 90.
30
Calculate the highest common divisor of 4349058 and 28.
14
Calculate the greatest common factor of 52 and 92195324.
52
What is the highest common divisor of 182712833 and 515?
103
What is the highest common factor of 13916 and 27891143?
3479
What is the highest common divisor of 46 and 86918541?
23
What is the greatest common factor of 576 and 96853056?
192
What is the greatest common factor of 59312 and 101552?
176
Calculate the greatest common factor of 107360673 and 14637.
861
What is the greatest common factor of 353776 and 10736?
16
What is the highest common divisor of 5776 and 1221244?
76
Calculate the greatest common factor of 4176 and 2086956.
1044
What is the highest common divisor of 18837 and 17711694?
819
What is the greatest common factor of 1087669 and 1199?
11
What is the greatest common factor of 13971637 and 17?
17
What is the greatest common divisor of 37 and 57674749?
37
What is the highest common divisor of 3328 and 1178944?
832
What is the highest common divisor of 9186124 and 2192?
548
Calculate the highest common divisor of 754101 and 31947.
69
Calculate the highest common divisor of 423 and 60519.
3
Calculate the highest common divisor of 318060 and 77317875.
4185
What is the highest common divisor of 122996 and 21556?
1268
What is the greatest common divisor of 150581939 and 4499?
409
What is the highest common divisor of 5602718 and 46999?
1093
Calculate the greatest common factor of 46193135 and 40.
5
Calculate the highest common divisor of 485159 and 1417981.
109
What is the greatest common divisor of 85268781 and 8073?
351
Calculate the highest common factor of 291 and 216558.
3
What is the highest common divisor of 45498970 and 110?
110
Calculate the greatest common divisor of 256 and 12734144.
64
Calculate the highest common factor of 24437524 and 332.
332
Calculate the greatest common divisor of 265386675 and 29625.
5925
What is the greatest common divisor of 23841 and 180603?
27
Calculate the greatest common factor of 49197785 and 22750.
455
What is the greatest common divisor of 6080 and 2226800?
1520
What is the highest common factor of 143492 and 448?
4
Calculate the highest common factor of 11850 and 321426510.
2370
What is the greatest common divisor of 6084229 and 116?
29
What is the greatest common factor of 238565646 and 2232?
558
Calculate the greatest common divisor of 135 and 4317435.
135
What is the highest common factor of 7268950 and 5655?
65
What is the greatest common divisor of 38590 and 553520?
170
What is the greatest common factor of 90545 and 1089127?
2587
What is the greatest common factor of 1236 and 4104447?
309
What is the highest common factor of 128 and 8761408?
64
Calculate the highest common factor of 20833558 and 5353.
53
What is the highest common divisor of 12405194 and 2780?
278
What is the highest common divisor of 109302 and 5526?
6
What is the highest common divisor of 1350 and 2809890?
270
Calculate the highest common divisor of 233180 and 191172.
356
What is the greatest common factor of 285902560 and 16?
16
What is the highest common divisor of 50 and 124497175?
25
What is the highest common divisor of 184 and 16882299?
23
Calculate the highest common divisor of 20566728 and 9288.
3096
Calculate the highest common divisor of 21152 and 66016.
32
What is the highest common factor of 600949683 and 27?
9
Calculate the highest common divisor of 318784 and 3536.
272
Calculate the greatest common divisor of 609058261 and 6489.
721
Calculate the greatest common divisor of 8192 and 70304.
32
What is the greatest common factor of 174495 and 3645?
15
What is the greatest common divisor of 586 and 7266107?
293
What is the highest common divisor of 45045 and 123669?
819
What is the greatest common divisor of 10500 and 1456908?
12
What is the greatest common divisor of 5743928 and 31027?
437
Calculate the greatest common divisor of 361 and 2512921.
361
What is the highest common divisor of 2844 and 112716?
36
What is the highest common divisor of 33142901 and 110?
11
What is the highest common divisor of 15453 and 814767?
303
Calculate the greatest common factor of 292928 and 1742444.
796
What is the highest common divisor of 3754313 and 6348?
529
What is the highest common factor of 1050 and 380814?
42
What is the highest common divisor of 228992 and 4060?
4
Calculate the highest common factor of 872 and 157541842.
218
Calculate the greatest common factor of 72806153 and 31959.
3551
Calculate the greatest common factor of 174 and 2290971.
87
What is the greatest common factor of 85 and 872899?
17
What is the highest common factor of 2219060 and 677365?
3065
What is the greatest common divisor of 492 and 5840778?
246
What is the highest common divisor of 9095 and 6955?
535
Calculate the highest common factor of 77 and 26616961.
7
Calculate the greatest common divisor of 131940046 and 245.
49
Calculate the highest common divisor of 456400 and 192829.
1141
Calculate the highest common divisor of 1304085 and 210.
15
